n divisor of 1608 and 53715039.
201
What is the highest common factor of 60209941 and 11?
11
Calculate the greatest common divisor of 1212 and 2228262.
606
Calculate the highest common factor of 9557490 and 90.
30
What is the greatest common divisor of 131 and 105002657?
131
What is the highest common factor of 16 and 45910864?
16
Calculate the greatest common factor of 19519 and 17161.
131
What is the highest common factor of 344032208 and 468?
52
Calculate the highest common factor of 24251040 and 576.
288
What is the greatest common divisor of 6025090 and 472910?
3610
What is the highest common factor of 7 and 68235419?
7
Calculate the highest common factor of 66805 and 45.
5
What is the greatest common factor of 605 and 6307345?
55
What is the greatest common divisor of 2008 and 218600418?
502
What is the highest common divisor of 10686 and 19450986?
822
What is the greatest common factor of 139574142 and 54?
18
What is the greatest common factor of 2 and 54684829?
1
What is the highest common factor of 236 and 12074428?
4
What is the greatest common factor of 810232 and 208?
8
Calculate the highest common divisor of 2069065 and 1640.
205
Calculate the greatest common divisor of 125 and 5995500.
125
Calculate the greatest common factor of 864 and 6963786.
54
What is the highest common factor of 3126 and 532831389?
1563
What is the greatest common divisor of 1034 and 417642?
94
What is the greatest common factor of 3078 and 2794368?
114
What is the highest common factor of 2408 and 606480?
56
What is the greatest common factor of 10526 and 270598?
38
Calculate the greatest common factor of 2715 and 402150.
15
Calculate the highest common divisor of 68057178 and 7.
7
Calculate the greatest common factor of 591 and 1260065190.
591
What is the greatest common factor of 11308127 and 1894?
947
What is the greatest common factor of 2408988 and 173958?
2202
Calculate the greatest common divisor of 165 and 1803725.
55
Calculate the highest common factor of 13548 and 7284.
12
What is the greatest common divisor of 4743340 and 210?
70
What is the greatest common factor of 68959011 and 19275?
771
What is the greatest common factor of 3587068 and 642?
214
What is the greatest common divisor of 4484130 and 311330?
1630
What is the highest common divisor of 1148775 and 194616?
2703
What is the greatest common divisor of 911136 and 14916?
12
What is the greatest common factor of 4686 and 1652288?
22
Calculate the greatest common factor of 15191275 and 185.
185
Calculate the greatest common divisor of 7392880 and 4878.
542
What is the greatest common divisor of 223 and 7089839?
223
Calculate the highest common factor of 423022 and 26728.
514
Calculate the greatest common divisor of 12151 and 2700364.
29
What is the greatest common divisor of 747375 and 9897238?
1993
Calculate the highest common factor of 229392 and 4397328.
3888
Calculate the greatest common divisor of 1109293 and 10573.
109
Calculate the greatest common factor of 14100 and 484476.
564
What is the greatest common divisor of 2483952 and 96?
48
Calculate the greatest common factor of 218 and 447330986.
218
Calculate the greatest common divisor of 15021075 and 300.
75
What is the greatest common divisor of 247513 and 32053?
133
Calculate the greatest common factor of 38808143 and 138589.
3223
What is the highest common factor of 793988 and 35477?
13
Calculate the highest common factor of 980 and 22148.
196
Calculate the greatest common divisor of 476540 and 157880.
20
What is the highest common divisor of 11 and 4735112371?
11
Calculate the highest common factor of 390 and 601185.
195
Calculate the greatest common divisor of 3568977 and 1097301.
2199
What is the greatest common divisor of 1389 and 134277871?
463
Calculate the greatest common divisor of 56 and 57381664.
8
Calculate the highest common divisor of 10205 and 50869884.
2041
What is the highest common factor of 14991 and 36822?
57
What is the highest common divisor of 39975 and 1284725?
325
Calculate the greatest common factor of 73 and 1813265469.
73
What is the greatest common divisor of 796 and 38321629?
199
Calculate the highest common divisor of 2 and 1362087.
1
Calculate the greatest common factor of 3887723 and 266.
133
What is the highest common divisor of 3933 and 9802347?
1311
What is the highest common factor of 23104683 and 84?
21
Calculate the greatest common factor of 1813 and 1441592446.
1813
What is the greatest common divisor of 45851 and 832?
13
What is the highest common divisor of 2913993 and 1353?
123
Calculate the highest common divisor of 1145715814 and 226.
226
What is the greatest common factor of 1512 and 2179275?
21
What is the highest common factor of 9396 and 1096374?
174
What is the greatest common divisor of 308 and 688028?
44
What is the highest common factor of 9309 and 451619929?
3103
Calculate the greatest common factor of 116100 and 21006.
54
What is the highest common factor of 437775 and 186225?
975
What is the highest common factor of 287014 and 734882?
3154
What is the highest common divisor of 478 and 32455961?
239
What is the highest common factor of 2942030 and 4550?
910
Calculate the highest common factor of 4188 and 61283004.
4188
Calculate the highest common factor of 3813 and 58249.
31
What is the greatest common factor of 12780 and 29703560?
1420
What is the greatest common divisor of 754 and 1264674398?
754
What is the highest common factor of 928711 and 140003?
733
Calculate the highest common factor of 2328 and 358452.
12
What is the greatest common factor of 15130016 and 4576?
352
What is the highest common factor of 1015 and 164714635?
145
What is the greatest common divisor of 5073 and 23668927?
1691
What is the greatest common divisor of 286011 and 78595?
11
Calculate the highest common divisor of 3097 and 1625.
1
Calculate the highest common divisor of 52101 and 43218.
63
Calculate the greatest common divisor of 264 and 2098064232.
264
Calculate the greatest common divisor of 5575752 and 19314.
666
What is the greatest common divisor of 732763 and 3397?
43
Calculate the highest common divisor of 3306 and 83188878.
3306
What is the highest common divisor of 36437 and 71712?
83
What is the greatest common divisor of 61047096 and 576?
24
What is the greatest common factor of 36573758 and 234?
26
Calculate the highest common divisor of 60 and 89426280.
60
Calculate the highest common divisor of 38 and 771636.
2
What is the greatest common factor of 473510830 and 481?
481
What is the greatest common divisor of 1815996 and 743361?
4989
Calculate the greatest common divisor of 54079652 and 88.
44
What is the highest common factor of 497492 and 4939?
449
Calculate the greatest common divisor of 83762 and 6263236.
2702
Calculate the greatest common divisor of 40716 and 1155609.
117
Calculate the highest common divisor of 3753 and 17793946.
139
Calculate the highest common factor of 143105789 and 13531.
1933
What is the highest common factor of 119550 and 6550?
50
What is the highest common factor of 18 and 929976?
6
What is the highest common factor of 1189 and 25919968?
29
What is the greatest common factor of 20995665 and 76872?
9609
What is the greatest common factor of 136 and 130176616?
136
Calculate the greatest common divisor of 26853750 and 125.
125
Calculate the greatest common factor of 451316665 and 501.
167
What is the greatest common factor of 38 and 1046372066?
38
Calculate the greatest common divisor of 294908 and 88.
4
What is the highest common divisor of 13548375 and 15375?
375
What is the greatest common divisor of 4748 and 1156?
4
Calculate the greatest common divisor of 3744 and 85455136.
416
Calculate the highest common factor of 598980 and 2190.
30
What is the highest common divisor of 2882 and 83534?
22
Calculate the highest common factor of 2144 and 28122044.
268
Calculate the greatest common divisor of 44 and 15243108.
4
Calculate the highest common factor of 715 and 55714615.
55
Calculate the greatest common divisor of 229 and 735492353.
229
Calculate the highest common factor of 13452 and 74465788.
4484
What is the highest common factor of 148259265 and 5060?
1265
Calculate the highest common divisor of 4145361 and 132.
33
Calculate the highest common di